 r be p(-5). Calculate the greatest common divisor of q and r.
2
Let b(j) = 2*j**3 - j + 1. Let q be b(1). Suppose q*u = -3*u + 5. Let a be (-1)/(u/(2 - 15)). Calculate the highest common divisor of a and 13.
13
Let m be (0 + 17*1)/(33/297). What is the highest common divisor of m and 17?
17
Let u = 3 + -3. Suppose u = 3*k - 2*k - 68. Suppose 0 = -0*g - 4*g + k. Calculate the greatest common factor of g and 119.
17
Let y = 0 + 3. Suppose y*w = a + 14, 6*a + 8 = 4*w + 2*a. Let v be (-2)/w + (-48)/(-9). Calculate the highest common factor of v and 25.
5
Let u be (-10)/((-3)/(-12)*-2). Let r(q) = -4*q - 2. Let w(p) = -p**2 - p + 3. Let k be w(-3). Let h be r(k). Calculate the highest common factor of h and u.
10
Suppose -3*v - 5*c - 7 = 0, -3*v + 11 = -c - 3*c. Calculate the highest common factor of 9 and v.
1
Let c = 0 + 3. Let p(f) = -95*f - 6. Let s be p(-5). Suppose -3*o = -3*z + z - s, -c*z = 2*o - 291. Calculate the greatest common divisor of 17 and o.
17
Let a = -1 - -13. Let q = 311 + -215. Calculate the greatest common factor of a and q.
12
Suppose 7*h - 184 = -30. Calculate the greatest common divisor of h and 88.
22
Let y be 2 - 1 - 1 - -2. Let v be y/6 - (-1052)/12. What is the highest common factor of v and 8?
8
Let d = 3 + -1. Suppose -45 = -d*f + 165. Suppose -123 = -25*a + 252. Calculate the highest common factor of f and a.
15
Suppose 3*x = 3*l + 9, 0 = -4*x - 0*x - 3*l + 19. Suppose x*n + 2*a = 37 + 51, -92 = -3*n + 5*a. What is the highest common divisor of 3 and n?
3
Let i be 3382/9 - (-4)/18. Let y be i/9 - (-6)/27. Suppose -3*v + y = -v. What is the greatest common factor of 63 and v?
21
Let k = 8 - 7. Let l = 9 + k. Calculate the highest common divisor of 80 and l.
10
Let h be 3/2*(-32)/(-6). Calculate the greatest common factor of 2 and h.
2
Let c(x) = -4*x**2 - 3*x + 4. Let m(k) = k**2 + k. Let r(a) = -c(a) - 3*m(a). Let d be r(8). What is the highest common factor of d and 12?
12
Let m = -8 - -12. Calculate the highest common divisor of m and 44.
4
Let g = 55 + -53. What is the greatest common factor of 5 and g?
1
Suppose 10*y - 18 = 8*y. What is the greatest common divisor of y and 45?
9
Let c be (-45)/(-10)*8/6. Suppose 2*n = -3 + 7. Let r be 5*11 + (-2)/n. What is the highest common divisor of c and r?
6
Suppose r = 2*a + 26, -3*a + a - 54 = -2*r. Calculate the greatest common divisor of 8 and r.
4
Let y = 64 - 44. Calculate the highest common factor of y and 220.
20
Suppose 24 = 2*v + 4*t - 2*t, 0 = 2*v + 4*t - 34. Calculate the highest common factor of v and 77.
7
Let s(g) = g + 6. Suppose -4*u - 23 = 1. Let b be s(u). Suppose b = -4*j + 34 + 22. Calculate the greatest common factor of j and 42.
14
Let f(t) = 0 + 6*t + 2 + 0 - 4. Let z be f(3). Let m be (-8)/3*z*-3. Calculate the greatest common factor of m and 16.
16
Let z(p) = -2*p + 3. Let o be z(-3). Let r(d) = -d**2 - 10*d - 10. Let b be r(-9). Let s = b - -4. What is the highest common factor of s and o?
3
Let x(p) = -15*p - 20. Let k be x(-6). What is the highest common divisor of k and 10?
10
Suppose -4*r = f - 6*f - 61, -4*r - 2*f = -54. What is the greatest common divisor of r and 28?
14
Suppose 8*y - 9*y = 3. Let v = y - -9. Calculate the greatest common divisor of v and 42.
6
Suppose 3*c - 144 = 3*v, -2*c = c + 3*v - 120. Let p = c - 28. Let l(n) = 4*n**3. Let b be l(1). What is the highest common factor of b and p?
4
Suppose 4*d = -4*c + 44, -d - 10 = -5*c + 3*d. What is the highest common factor of 30 and c?
6
Let l(s) = s**2 - 6*s - 3. Let x be l(6). Let k be (-1)/(x + (-11)/(-4)). Calculate the highest common divisor of k and 4.
4
Suppose 180 = -5*i + 630. Suppose c = 2*c - i. Calculate the highest common factor of c and 10.
10
Let t(v) = -v**2 - v + 72. Let l be t(0). Let a(w) = -w**3 + 14*w**2 - 12*w + 5. Let r be a(13). Let n = -9 + r. What is the greatest common factor of n and l?
9
Let i(j) be the first derivative of -2 + 2*j**2 - 4*j + 2*j**2 - 10*j**2. Let l be i(-7). Calculate the highest common divisor of 10 and l.
10
Let q be (-10 - 2)/(-4) - -33. Let w be (2 + 3)*20/25. What is the highest common factor of q and w?
4
Let r = 0 + 0. Let b(o) = -o**3. Let t be b(r). Suppose 3*u - 20 = -2*k, k + 5*u - 24 + t = 0. Calculate the greatest common divisor of 6 and k.
2
Let v be (-6 - -16) + 1*2. Suppose 0*h = 3*h - v. Let n be 1 - -3 - (h - 2). What is the greatest common factor of n and 14?
2
Let o be (-18)/63 - (-2034)/14. What is the greatest common factor of 29 and o?
29
Let j(f) = 3*f**2 - 5*f + 3. Let i be j(-3). What is the greatest common divisor of 18 and i?
9
Suppose 0 = 5*r - r - 200. Calculate the highest common factor of 10 and r.
10
Let z = 69 - 22. Let v = z - 32. Let q be v/10*8/6. Calculate the highest common factor of q and 5.
1
Let o be (-12)/54 - (-146)/9. Let u be ((-6)/(-2))/((-9)/(-6)). What is the highest common divisor of u and o?
2
Let v(i) = 13*i**2 - i + 1. Let a be v(-2). Suppose 4*y + 0 = 4*n + 36, -2*y - 4*n = -30. What is the highest common factor of y and a?
11
Let a(d) = -d**2 + d. Let r be a(2). Let x be (r/(-3))/((-8)/(-60)). What is the highest common divisor of 20 and x?
5
Suppose 4*a + 348 = 3*h, -2*a = -2*h + 4*h - 246. Calculate the greatest common divisor of h and 24.
24
Let u = -67 - -76. Let w(s) = -22*s + 1. Let b be w(-2). Calculate the highest common divisor of u and b.
9
Let y = 13 + 2. Calculate the highest common factor of 120 and y.
15
Let m(x) = x**3 + 10*x**2 - 14*x - 16. Let w be 2/(-6) + 64/(-6). Let y be m(w). Calculate the highest common divisor of 17 and y.
17
Let p(b) be the first derivative of 5*b + 2 + 1/2*b**2. Let t be p(-4). Calculate the greatest common factor of 11 and t.
1
Suppose 3*l + 80 = 7*l. Calculate the highest common factor of l and 100.
20
Suppose -5*t = -3*t - 48. What is the highest common factor of 12 and t?
12
Let k be (3/5)/((-5)/(-25)). What is the greatest common divisor of 2 and k?
1
Let f(n) = 9*n. Let j be f(2). Let o = -5 + j. Calculate the highest common factor of o and 143.
13
Let s be (-2)/(2 + 20/(-12)). Let v be (-40)/s - (-4)/(-6). What is the greatest common factor of 24 and v?
6
Let z be 152/5 + (-4)/10. Suppose 4*b - 46 = 3*d - 4*d, 20 = b - 4*d. What is the greatest common factor of z and b?
6
Suppose -2*a + 4*i + 42 = 0, -4*a + 4*i = -0*i - 68. Suppose 13 = 2*w - 5*n + 32, 2*w + n = -a. Let y = -4 - w. What is the greatest common factor of 9 and y?
3
Suppose 2*y + 20 = -a, -2*a = -3*y - 7*a - 44. Let d = y - -16. What is the greatest common divisor of d and 2?
2
Suppose -3*a + 3*n - 9 = 0, 4*n = 7 + 5. Suppose -5*z + 0*i - i + 32 = 0, -2*z + i + 17 = a. What is the greatest common divisor of z and 28?
7
Suppose -15 = 5*w, -52 = 2*s + 2*s + 4*w. Let v be (12/s)/(4/(-10)). Suppose v*g = 4*g - 42. What is the highest common factor of 14 and g?
14
Let x(m) = m**3 + 11*m**2 - 17*m - 12. Let s be x(-12). Suppose j = -3*j - s. Let w = j + 20. Calculate the highest common factor of w and 12.
4
Let q = 64 + -23. Let k = q - 18. Suppose 2*z = -5 + k. Calculate the greatest common factor of 63 and z.
9
Let z(q) = -11*q - 77. Let b be z(-19). What is the greatest common divisor of b and 12?
12
Suppose 5 = -5*j + 3*h + 42, 5*h + 19 = 3*j. Let c = 1 + 15. What is the greatest common divisor of j and c?
8
Suppose o + 1 = 0, 5*u + 2*o = 6*o + 109. Let b = 65 - u. Calculate the greatest common factor of b and 66.
22
Let u = -13 + 19. What is the greatest common divisor of 6 and u?
6
Let d(l) = l**2 - 8*l + 3. Let a be d(7). Let u be (6/5)/(a/(-120)). Let q(x) = x**2 - 8*x + 6. Let t be q(8). What is the highest common factor of t and u?
6
Let u be (-549)/(-27) - (-1)/(-3). Calculate the greatest common factor of 180 and u.
20
Let n(u) = u**2 + 7*u - 2. Let g be n(-7). Let c be ((-1)/g)/(1/2). Suppose -5*z = -3*b + c + 110, z + 3 = 0. What is the greatest common factor of 8 and b?
8
Suppose 197*a - 196*a = 11. Calculate the highest common divisor of 121 and a.
11
Suppose n = 2*g + 4, 4*n - 6*n + 8 = 5*g. Let o be -9*(-2)/n*4. Calculate the greatest common divisor of o and 9.
9
Suppose 50 = 3*p + 5*j, -p + j = 2*p - 80. Calculate the greatest common divisor of p and 100.
25
Suppose -5 - 25 = -3*f. Calculate the greatest common factor of f and 55.
5
Suppose 15 = -0*